{"id":71,"date":"2016-08-11T08:14:40","date_gmt":"2016-08-11T08:14:40","guid":{"rendered":"http:\/\/ausblick-pur-amrum.de\/?page_id=71"},"modified":"2022-01-09T17:34:23","modified_gmt":"2022-01-09T17:34:23","slug":"startseite","status":"publish","type":"page","link":"https:\/\/ausblick-pur-amrum.de\/","title":{"rendered":"Startseite"},"content":{"rendered":"<p>[et_pb_section fb_built=&#8220;1&#8243; fullwidth=&#8220;on&#8220; admin_label=&#8220;Sektion&#8220; _builder_version=&#8220;3.22&#8243;][et_pb_fullwidth_image src=&#8220;http:\/\/ausblick-pur-amrum.de\/wp-content\/uploads\/2016\/08\/headder.jpg&#8220; admin_label=&#8220;Volle Breite des Bildes&#8220; _builder_version=&#8220;3.0.87&#8243; animation_style=&#8220;slide&#8220; animation_direction=&#8220;left&#8220; animation_duration=&#8220;500ms&#8220; animation_intensity_slide=&#8220;10%&#8220; animation=&#8220;left&#8220; use_border_color=&#8220;off&#8220; border_color=&#8220;#ffffff&#8220; border_style=&#8220;solid&#8220;] [\/et_pb_fullwidth_image][\/et_pb_section][et_pb_section fb_built=&#8220;1&#8243; admin_label=&#8220;section&#8220; _builder_version=&#8220;3.22&#8243;][et_pb_row column_structure=&#8220;2_3,1_3&#8243; admin_label=&#8220;row&#8220; _builder_version=&#8220;3.25&#8243; background_size=&#8220;initial&#8220; background_position=&#8220;top_left&#8220; background_repeat=&#8220;repeat&#8220;][et_pb_column type=&#8220;2_3&#8243; _builder_version=&#8220;3.25&#8243; custom_padding=&#8220;|||&#8220; custom_padding__hover=&#8220;|||&#8220;][et_pb_image src=&#8220;http:\/\/ausblick-pur-amrum.de\/wp-content\/uploads\/2016\/08\/ausblick.jpg&#8220; align_tablet=&#8220;center&#8220; align_phone=&#8220;&#8220; align_last_edited=&#8220;on|desktop&#8220; admin_label=&#8220;Bild&#8220; _builder_version=&#8220;3.23&#8243; animation_style=&#8220;slide&#8220; animation_direction=&#8220;left&#8220; animation_duration=&#8220;500ms&#8220; animation_intensity_slide=&#8220;10%&#8220; animation=&#8220;left&#8220; use_border_color=&#8220;off&#8220; border_color=&#8220;#ffffff&#8220; border_style=&#8220;solid&#8220; sticky=&#8220;off&#8220; always_center_on_mobile=&#8220;on&#8220;] [\/et_pb_image][\/et_pb_column][et_pb_column type=&#8220;1_3&#8243; _builder_version=&#8220;3.25&#8243; custom_padding=&#8220;|||&#8220; custom_padding__hover=&#8220;|||&#8220;][et_pb_text admin_label=&#8220;Text&#8220; _builder_version=&#8220;3.27.4&#8243; background_size=&#8220;initial&#8220; background_position=&#8220;top_left&#8220; background_repeat=&#8220;repeat&#8220; use_border_color=&#8220;off&#8220; border_color=&#8220;#ffffff&#8220; border_style=&#8220;solid&#8220;]<\/p>\n<p><span style=\"color: #336699; font-family: Verdana, Arial, Helvetica, sans-serif; font-size: small;\"><b>&#8222;Willkommen auf meiner Website&#8230;<\/b><\/span><\/p>\n<p><span style=\"color: #336699; font-family: Verdana, Arial, Helvetica, sans-serif; font-size: small;\">Meine individuelle Ferienwohnung liegt in Wittd\u00fcn, direkt am Strand. Wittd\u00fcn ist der s\u00fcdlichste Ort der Insel und zeichnet sich durch seine in Deutschland einzigartige Lage aus. An drei Seiten ist der Ort vom Meer umgeben. Vom Balkon der Wohnung haben Sie einen atemberaubenden Blick nach S\u00fcden auf den Kniepsand, die Halligen und die offene Nordsee.<\/span><\/p>\n<p><span style=\"color: #336699; font-family: Verdana, Arial, Helvetica, sans-serif; font-size: small;\">Auch sonst hat der Ort einiges zu bieten. Eine nette Auswahl an Restaurants und Caf\u00e9s, kleinen Ladengesch\u00e4ften, B\u00e4cker usw. lassen keine W\u00fcnsche offen.<\/span><\/p>\n<p><span style=\"color: #336699; font-family: Verdana, Arial, Helvetica, sans-serif; font-size: small;\">Klicken Sie sich doch mal durch&#8230;<\/span><\/p>\n<p><span style=\"color: #336699; font-family: Verdana, Arial, Helvetica, sans-serif; font-size: small;\">Dunja Hemmerich<\/span><\/p>\n<p><strong><span style=\"color: #3966ba;\"><em>&#8222;Strand von Amrum geh\u00f6rt zu den sch\u00f6nsten weltweit&#8220; <\/em><\/span><\/strong><span style=\"color: #3966ba;\"><em>(<\/em><\/span><span style=\"color: #3966ba;\"><em><a href=\"https:\/\/www.welt.de\/reise\/article236026290\/Die-schoensten-Straende-der-Welt-Ein-deutscher-Strand-ist-auch-dabei.html\" style=\"color: #3966ba;\">Link zum Artikel<\/a>, CNN, 2022)<\/em><\/span><span style=\"color: #336699; font-family: Verdana, Arial, Helvetica, sans-serif; font-size: small;\"><\/span><\/p>\n<p><span style=\"color: #336699; font-family: Verdana, Arial, Helvetica, sans-serif; font-size: small;\"><\/span><\/p>\n<p>[\/et_pb_text][\/et_pb_column][\/et_pb_row][\/et_pb_section]<\/p>\n","protected":false},"excerpt":{"rendered":"<p>&#8222;Willkommen auf meiner Website&#8230; Meine individuelle Ferienwohnung liegt in Wittd\u00fcn, direkt am Strand. Wittd\u00fcn ist der s\u00fcdlichste Ort der Insel und zeichnet sich durch seine in Deutschland einzigartige Lage aus. An drei Seiten ist der Ort vom Meer umgeben. Vom Balkon der Wohnung haben Sie einen atemberaubenden Blick nach S\u00fcden auf den Kniepsand, die Halligen [&hellip;]<\/p>\n","protected":false},"author":1,"featured_media":0,"parent":0,"menu_order":0,"comment_status":"closed","ping_status":"closed","template":"","meta":{"_et_pb_use_builder":"on","_et_pb_old_content":"","_et_gb_content_width":"","footnotes":""},"class_list":["post-71","page","type-page","status-publish","hentry"],"_links":{"self":[{"href":"https:\/\/ausblick-pur-amrum.de\/index.php?rest_route=\/wp\/v2\/pages\/71","targetHints":{"allow":["GET"]}}],"collection":[{"href":"https:\/\/ausblick-pur-amrum.de\/index.php?rest_route=\/wp\/v2\/pages"}],"about":[{"href":"https:\/\/ausblick-pur-amrum.de\/index.php?rest_route=\/wp\/v2\/types\/page"}],"author":[{"embeddable":true,"href":"https:\/\/ausblick-pur-amrum.de\/index.php?rest_route=\/wp\/v2\/users\/1"}],"replies":[{"embeddable":true,"href":"https:\/\/ausblick-pur-amrum.de\/index.php?rest_route=%2Fwp%2Fv2%2Fcomments&post=71"}],"version-history":[{"count":7,"href":"https:\/\/ausblick-pur-amrum.de\/index.php?rest_route=\/wp\/v2\/pages\/71\/revisions"}],"predecessor-version":[{"id":167,"href":"https:\/\/ausblick-pur-amrum.de\/index.php?rest_route=\/wp\/v2\/pages\/71\/revisions\/167"}],"wp:attachment":[{"href":"https:\/\/ausblick-pur-amrum.de\/index.php?rest_route=%2Fwp%2Fv2%2Fmedia&parent=71"}],"curies":[{"name":"wp","href":"https:\/\/api.w.org\/{rel}","templated":true}]}}